lculate n(-28).
141
Let k(c) = -101*c - 680. Determine k(-7).
27
Let a(p) = 464*p**3 - p**2 + 3*p - 1. Give a(1).
465
Let h(k) = -k**3 - 46*k**2 + 95*k - 39. Calculate h(-48).
9
Let u(i) = i**3 + 14*i**2 - 44. What is u(-12)?
244
Let p(i) = i**3 - 22*i**2 + 42*i - 29. Give p(20).
11
Let y(j) = 2*j**2 - 79*j - 1366. Give y(-13).
-1
Let p(l) = 31*l - 573. What is p(19)?
16
Let l(j) = j**2 + 3*j - 32. What is l(-21)?
346
Let u(d) = 2*d**2 - 54*d + 36. Calculate u(24).
-108
Let p(d) = d**3 - 20*d**2 + 13*d + 110. What is p(19)?
-4
Let d(q) = -93*q - 3132. What is d(-34)?
30
Let p(l) = 1736*l + 29479. Determine p(-17).
-33
Let i(y) = -y**2 + 29*y - 224. Calculate i(34).
-394
Let i(a) = -a**3 - 2*a**2 + 3*a + 402. Determine i(0).
402
Let h(r) = -r**2 + 9*r + 367. Give h(-15).
7
Let a(d) = -11*d - 284. What is a(-44)?
200
Let r(w) = w**3 + 53*w**2 - 629*w + 81. Calculate r(-63).
18
Let m(t) = t**2 - 94*t + 854. What is m(84)?
14
Let p(u) = -u**3 - 44*u**2 - 285*u + 102. Give p(-36).
-6
Let d(r) = 8*r + 578. Calculate d(-45).
218
Let c(w) = -w**3 - 97*w**2 - 2*w - 120. Calculate c(-97).
74
Let z(n) = n**2 + n - 280. What is z(18)?
62
Let a(b) = b - 18. Calculate a(7).
-11
Let u(l) = -l**3 - 22*l**2 - 7*l + 35. What is u(-22)?
189
Let v(q) = -q**2 + 31*q - 19. Give v(13).
215
Let l(o) = 551*o + 64482. Determine l(-117).
15
Let f(o) = 13*o - 261. What is f(41)?
272
Let c(b) = -b**2 + 101*b - 832. What is c(9)?
-4
Let f(x) = -x**2 - 36*x - 64. What is f(-29)?
139
Let k(x) = -x**3 + 83*x**2 - 230*x - 791. Calculate k(80).
9
Let y(d) = d**3 + 4*d**2 + 13*d + 2. Give y(-5).
-88
Let q(g) = 12*g + 568. What is q(-40)?
88
Let g(s) = 57*s - 3829. Determine g(68).
47
Let v(m) = -4*m**2 + 92*m - 39. What is v(22)?
49
Let l(b) = -b**3 + 54*b**2 + 77*b - 545. What is l(55)?
665
Let q(h) = 2*h**3 - 12*h**2 + 4*h - 31. What is q(7)?
95
Let h(a) = -33*a - 250. What is h(-4)?
-118
Let a(y) = y**3 - 18*y**2 + 11*y + 68. What is a(16)?
-268
Let c(y) = -y**3 + 31*y**2 - 3*y - 11. Give c(31).
-104
Let f(b) = -72*b - 59. Determine f(5).
-419
Let f(d) = d**3 - 116*d**2 + 101*d + 1610. Determine f(115).
0
Let p(y) = 205*y + 528. Give p(-2).
118
Let u(h) = -18*h + 15. Determine u(7).
-111
Let b(z) = z**3 + 4*z**2 - 18*z - 64. What is b(-5)?
1
Let n(p) = p**3 + 22*p**2 - 23*p - 11. Calculate n(-23).
-11
Let s(w) = -3*w**3 + 2*w**2 - 4*w + 7. Determine s(0).
7
Let u(a) = 2326*a + 18641. Calculate u(-8).
33
Let r(q) = -19*q + 579. What is r(30)?
9
Let o(n) = 25*n + 243. What is o(-10)?
-7
Let t(y) = y**3 + 5*y**2 + y - 25. Give t(-6).
-67
Let r(z) = -5*z**3 - 158*z**2 - 89*z + 149. Calculate r(-31).
25
Let v(d) = -3141*d - 84806. Determine v(-27).
1
Let i(v) = 7*v**3 - 46*v**2 + 68*v - 8. Determine i(2).
0
Let g(o) = 103*o - 43. What is g(-4)?
-455
Let v(z) = 47*z + 298. What is v(-6)?
16
Let v(m) = 471*m - 13648. Determine v(29).
11
Let r(f) = 2*f**2 - 8*f - 39. Calculate r(4).
-39
Let t(l) = 350*l**2 - 16096*l - 179. Determine t(46).
5
Let h(r) = 252*r - 56. Determine h(3).
700
Let s(u) = -u**2 + 7*u + 195. What is s(0)?
195
Let s(a) = 6586*a + 59276. Give s(-9).
2
Let a(g) = 3*g**2 + 384*g + 385. Calculate a(-1).
4
Let v(h) = 96*h + 1443. Calculate v(-15).
3
Let g(s) = s**3 - 94*s**2 - 2*s + 179. Determine g(94).
-9
Let w(u) = -85*u - 17776. Determine w(-209).
-11
Let c(g) = -494*g + 15285. Give c(31).
-29
Let m(g) = 3*g**3 - 52*g**2 + 15*g + 35. Calculate m(17).
1
Let p(v) = -467*v - 2803. Determine p(-6).
-1
Let s(p) = -p**3 + 6*p**2 + 3*p - 23. What is s(4)?
21
Let k(x) = -x**3 - 17*x**2 - 32*x + 188. Give k(-13).
-72
Let w(b) = 11*b**2 + 180*b + 71. Give w(-16).
7
Let m(l) = l**2 - 27*l - 92. What is m(30)?
-2
Let o(d) = -d**3 + 146*d**2 - 2192*d - 16. What is o(17)?
1
Let y(n) = 2*n**2 - 239*n - 5416. Give y(139).
5
Let y(s) = -1411*s + 7062. Give y(5).
7
Let r(y) = y**2 - 50*y + 173. Determine r(4).
-11
Let n(t) = t**3 - 8*t**2 - 31*t - 5. Calculate n(11).
17
Let s(y) = -y + 299. Give s(34).
265
Let w(k) = 91*k + 546. Determine w(-6).
0
Let j(a) = -2*a**2 - 264*a + 526. Give j(2).
-10
Let t(k) = 22*k**2 - 167*k - 66. Calculate t(8).
6
Let i(d) = -3*d**3 - 67*d**2 - 14*d + 154. What is i(-22)?
-22
Let l(u) = -26*u + 79. Determine l(-6).
235
Let i(v) = 281*v + 9545. What is i(-34)?
-9
Let h(t) = -t**3 - 27*t**2 + 67*t + 271. Determine h(-29).
10
Let o(w) = 2*w**2 + 164*w + 3274. What is o(-48)?
10
Let h(f) = f**2 - 15*f - 10. Give h(23).
174
Let o(u) = 2*u**2 - u + 28. What is o(12)?
304
Let t(r) = 4*r - 141. Give t(37).
7
Let w(o) = -251*o + 603. Calculate w(2).
101
Let p(l) = 1104*l - 1103. Give p(1).
1
Let l(m) = -3*m**2 - 33*m - 7. Determine l(-12).
-43
Let t(l) = -4*l**3 - 83*l**2 + 53*l + 71. Determine t(-21).
-601
Let t(a) = 13*a**2 - 393*a + 100. What is t(30)?
10
Let r(f) = 2*f**3 + 79*f**2 + 171*f - 506. Determine r(-37).
12
Let v(m) = -219*m + 36789. What is v(168)?
-3
Let h(q) = 2*q**3 - 2*q**2 + 2*q - 4. Calculate h(-2).
-32
Let v(n) = -15*n - 139. What is v(-9)?
-4
Let v(k) = -17*k**2 + 22*k - 55. What is v(4)?
-239
Let f(u) = 22*u + 685. Give f(-5).
575
Let g(k) = -83*k**2 + 40*k - 3. What is g(1)?
-46
Let z(p) = 112*p**2 + 3*p - 2. Give z(1).
113
Let q(o) = -2*o**2 + 545*o - 4734. Calculate q(9).
9
Let j(o) = -174*o + 85. Calculate j(2).
-263
Let a(n) = 12*n + 602. What is a(-32)?
218
Let p(v) = -3*v**3 - 117*v**2 + 124*v + 148. Give p(-40).
-12
Let f(o) = o**3 + 4*o**2 - 55*o + 234. Give f(-11).
-8
Let u(b) = -110*b + 1097. Determine u(10).
-3
Let h(k) = -2*k**3 + k**2 + 37*k + 8. Give h(6).
-166
Let s(v) = v**2 + 148*v - 3544. Calculate s(21).
5
Let l(d) = -14*d**3 - 208*d**2 + 40*d + 137. Calculate l(-15).
-13
Let w(d) = -6*d**2 - 87*d - 251. Calculate w(-10).
19
Let b(r) = r**2 + 32. What is b(-7)?
81
Let x(c) = -462*c**2 + 38*c - 37. Calculate x(1).
-461
Let f(d) = d**3 - 22*d**2 - 80*d + 108. Determine f(25).
-17
Let p(l) = 44*l + 124. Calculate p(-2).
36
Let v(b) = 19*b**2 + 2*b - 741. What is v(0)?
-741
Let z(l) = -2*l**3 + 9*l**2 + 49*l - 212. Determine z(4).
0
Let o(a) = -a**2 + 41*a + 647. Calculate o(-12).
11
Let v(g) = -196*g + 48018. Determine v(245).
-2
Let i(b) = -b**3 + 107*b**2 - 410*b - 191. Determine i(103).
15
Let p(t) = -2*t**2 + 279*t + 563. Calculate p(-2).
-3
Let y(x) = -x**3 - 28*x**2 - 79*x + 10. Give y(-25).
110
Let a(u) = -u**3 + u**2 + u + 45. What is a(0)?
45
Let q(i) = 1302*i - 71604. What is q(55)?
6
Let o(w) = -6*w**2 + 95*w - 15. What is o(16)?
-31
Let p(j) = j**2 - 5*j. What is p(-5)?
50
Let b(c) = -c**2 - 30*c + 1017. What is b(19)?
86
Let h(n) = n**3 - 14*n**2 + 40*n - 9. Determine h(14).
551
Let b(j) = -3*j**3 + 3*j**2 - 24*j - 54. Calculate b(-4).
282
Let b(a) = -a**2 - 23*a - 83. What is b(-17)?
19
Let b(k) = -56*k**2 + 622*k - 108. What is b(11)?
-42
Let y(g) = -g**2 + 197*g - 2214. Calculate y(12).
6
Let i(f) = 2*f**3 + 107*f**2 + 176*f + 1037. What is i(-52)?
-3
Let h(t) = -201*t + 65. Give h(0).
65
Let x(o) = -6*o**2 - 2*o - 5. What is x(0)?
-5
Let j(o) = -2*o**3 + 26*o**2 + 9*o - 84. Give j(13).
33
Let s(q) = q**3 + 36*q**2 - 44*q - 244. What is s(-37)?
15
Let h(p) = -3*p + 249. Determine h(81).
6
Let y(p) = p**3 + 6*p**2 - 131*p - 30. Determine y(9).
6
Let n(t) = 37*t - 62. Calculate n(11).
345
Let b(k) = k**3 - 4*k**2 - k + 32. Give b(4).
28
Let a(r) = -r**3 + 19*r**2 - 7*r + 541. Give a(20).
1
Let w(i) = -i**3 + 96*i**2 + 118*i - 1932. Give w(97).
105
Let b(k) = -49*k + 1135. What is b(23)?
8
Let s(c) = -c**3 + 119*c**2 - 234*c + 3. Calculate s(117).
3
Let z(f) = -43*f**2 - 1418*f + 31. What is z(-33)?
-2
Let b(v) = 22*v + 48. Calculate b(-3).
-18
Let h(u) = 105*u + 959. Determine h(-7).
224
Let q(a) = a**3 - 6*a**2 + 79*a - 486. Calculate q(6).
-12
Let q(n) = n**3 + 45*n**2 - 145*n - 8. What is q(-48)?
40
Let u(k) = k**3 - 14*k**2 + 14*k + 13. Determine u(11).
-196
Let k(c) = -c**2 + 390*c - 5983. Calculate k(16).
1
Let a(y) = -y**2 - 2*y + 27. What is a(2)?
19
Let l(b) = -4*b**2 + 22*b - 20. What is l(3)?
10
Let g(f) = 4*f**2 - 359. Determine g(0).
-359
Let s(v) = 5*v**3 - 3*v**2 + 19*v - 16. What is s(1)?
5
Let x(t) = -5*t**2 + 4963*t + 4964. What is x(-1)?
-4
Let t(a) = 18*a + 251. What is t(-19)?
-91
Let l(u) = -4*u**3 - 4*u**2 - 10*u + 1. Determine l(-3).
103
Let z(g) = -g**2 - 42*g + 289. What is 